 n - 5 - 6. Let v be i(5). Let u(o) = v*o**2 + o**2 + 4 - 6*o - 1. Calculate u(4).
-5
Let c be -4*((-45)/(-12) + -3). Let j(p) = 5*p**2 + 6*p - 6. Let r(s) = 6*s**2 + 7*s - 7. Let t(d) = 5*j(d) - 4*r(d). Determine t(c).
1
Suppose 0 = -5*o + 9*o. Suppose 7*c - 6*c = o. Let l(r) = r - 1. Calculate l(c).
-1
Let r(i) = i - 1. Let x be (-8)/12*(-18)/2. Suppose x = 2*c - 4*c + 4*o, 3*c + 5*o - 35 = 0. Let a be 1/(-2)*-2*c. Calculate r(a).
4
Suppose -1 - 5 = -3*v. Let r(n) = -3*n + 4. Let x(b) be the first derivative of -2*b**2 + 3*b - 3. Let z(y) = -2*r(y) + 3*x(y). Calculate z(v).
-11
Let v(m) = -2*m - 6. Let u be v(-4). Let f(o) = -o + 2 - u. Suppose 0 = 5*n - a + 2 - 5, -4*n = 2*a + 6. Calculate f(n).
0
Let o be 1/((9/6)/3). Let t(j) = o + 6 - j**3 + 4 + 2*j - 4 - 6*j**2. What is t(-6)?
-4
Let l(v) = 2*v**2 - 7*v + 7. Suppose 0 = 5*c - 5*w - 35, 10 = -0*w - 5*w. Determine l(c).
22
Let z(r) = 4*r + 2. Suppose -14 = -5*x + 2*f, 2*f = 2*x - 2 - 0. Suppose -13 = -4*j + 5*o, -3*j - 4*o + x = 2. What is z(j)?
10
Let b(x) = -x + 5. Let c be b(0). Let t(g) = -7*g + 5. Let i(k) = 11*k - 8. Let q(y) = c*i(y) + 8*t(y). Determine q(3).
-3
Let o be 2/10 - 64/20. Let g be 3 - 2 - (1 + o). Let c(w) = -w**2 + 3*w + 3. Calculate c(g).
3
Let x(n) = 18 - 10 - 2*n - 11. Let u be (-75)/27 - (-2)/(-9). Give x(u).
3
Let m(x) be the third derivative of -x**5/60 + x**4/12 - x**3/2 + 5*x**2. What is m(3)?
-6
Suppose 3*z + 5*o - 26 = 0, 13 + 3 = 4*o. Let u be (-6)/(-3)*(-3)/(-1). Suppose z*n - u = -n. Let d(p) = -p - 2. Calculate d(n).
-4
Suppose 11 = -4*t + 5*h, 3*h = -3 - 0. Let j(o) be the second derivative of 1/3*o**3 + 0 + 2*o**2 - 3*o. Calculate j(t).
-4
Let n = -23 + 21. Let c(m) = m**2 + 3*m + 2. Give c(n).
0
Let i(p) = -4 - 4*p + 4. Let z be ((-20)/(-3))/(6/9). Suppose z = 2*b - 3*k, 4*b - 3*k - 2 = -6*k. Calculate i(b).
-8
Let w(g) = 7*g - 7. Let q(i) = 4*i - 4. Let d(m) = 5*q(m) - 3*w(m). Let l(v) = 2*v - 1. Let u(p) = 5*d(p) + 4*l(p). Suppose -3*n + 0 + 3 = 0. Determine u(n).
4
Let m be ((-4)/(-6))/(10/(-15)). Let x be (-1 - -3) + 1 + m. Let b be ((-1 - -1) + x)*-1. Let y(w) = 3*w. Calculate y(b).
-6
Let v(w) = -w**3 - w**2 - 3*w - 3. Let o be (-24)/(-16)*4/(-3). Give v(o).
7
Let g(q) = -q - 1. Let u(l) = 5*l + 11. Let t(f) = -4*g(f) - u(f). Determine t(6).
-13
Let t = 31 - 30. Let s(h) = -2 - 2*h + 1 - 2*h. Determine s(t).
-5
Let h(o) be the first derivative of -o**3/3 + o**2/2 + 4*o + 1. Let q(k) = -3*k**3 - k. Let n be q(-1). What is h(n)?
-8
Let x(t) = t - 15 + 6*t**2 - t**3 + 4 + 6. Calculate x(6).
1
Let u(r) be the first derivative of r**4/24 + r**3/6 + 9*r**2/2 + 4. Let t(p) be the second derivative of u(p). What is t(3)?
4
Let w(x) = -x + 8. Let s be ((-30)/4)/(18/8 - 3). Calculate w(s).
-2
Let s(g) be the first derivative of g**4/24 + g**2/2 - 1. Let k(m) be the second derivative of s(m). Let u = 19 - 13. Calculate k(u).
6
Let a = -6 + 8. Suppose 0*p + 2*b - 2 = -a*p, 5*b - 23 = p. Let u(v) = -v**2 - 3*v - 2. Calculate u(p).
-2
Let m(a) = a**2 - a. Let b(l) = l**2 + 2*l. Let i(y) = -b(y) - 2*m(y). Determine i(-1).
-3
Let c be -2 + (6 + -1 - -3). Let n(p) = c*p - 4*p + 1 + p + 3*p. Calculate n(-1).
-5
Let y be ((-27)/(-18))/(2/(-12)). Let h(v) = -v - 13. Let k be h(y). Let c(p) be the first derivative of -p**2/2 - 6*p - 1. Calculate c(k).
-2
Suppose -4*r - 15 = -3. Let v(l) = l - 1. Let n(y) be the first derivative of y**4/4 + 2*y**3/3 + 3*y**2/2 - y - 1. Let p(q) = n(q) - 3*v(q). Calculate p(r).
-7
Let y(o) = o**3 - 6*o**2 + 4*o + 1. Suppose -4*j + 75 = -9*j. Let l be 2/(12/j)*-2. Give y(l).
-4
Let l(b) = -b**2 - 2*b + 0*b**3 + 0*b**2 + 3*b - 11*b**3. Determine l(1).
-11
Let q(d) = 4*d**3 + 3*d**2 + 8*d + 8. Let m(h) = -4*h - 1 + h**2 - 2*h**3 + h**3 + 3*h. Let r(t) = -3*m(t) - q(t). Let p = 2 - 7. What is r(p)?
-5
Suppose 2*d - 5 = -4*j + 7, 5*j + 15 = 5*d. Let i be (-1 + 0)/(j/4). Let o(s) = -4*s**2 + 3*s**2 - 1 - 4*s + s. Calculate o(i).
-5
Let k(b) = -2*b + 9. Let x be k(6). Let l(d) = -d - 1. Let y(u) = -2*u - 3. Let j(c) = -l(c) - y(c). Calculate j(x).
-5
Let h(k) be the second derivative of 5*k**4/6 + k**3/6 - 28*k. Calculate h(-1).
9
Let o(n) be the third derivative of -n**5/20 + n**3/3 + 2*n**2. Calculate o(2).
-10
Let x(j) = -j**2 + 2*j + 4. Suppose 0*h + 2*h + 8 = 0. Let z = h - -4. Suppose -3*n - 3 + 15 = z. Give x(n).
-4
Let p be (-15)/10*8/(-6). Suppose 2*v - 4 = -l + 2, -p*v + 5*l + 6 = 0. Let w(n) = n**3 - 5*n**2 + 5*n - 4. Determine w(v).
-7
Let s be 221/(-39) - 2/(-3). Let j(g) = -g**2 - 8*g - 3. What is j(s)?
12
Let k(g) = g**3 - g - 1. Let o = -13 + 12. Calculate k(o).
-1
Let u(r) be the third derivative of r**6/120 - 7*r**5/60 - 3*r**4/8 + 5*r**3/6 + 32*r**2. Give u(8).
-3
Let y(r) = -4*r - 11. Let d(p) = -7*p - 21. Let w(x) = -6*d(x) + 11*y(x). Suppose 24 = -0*q + 4*q. Determine w(q).
-7
Let y(k) = -k + 4. Let q be y(0). Let b(r) = r**3 - 4*r**2 - 2*r - 2. Calculate b(q).
-10
Let q(j) = j**3 + 5*j**2 - j - 6. Suppose 5*m - 2*f + 4 = 0, 0*f = -3*m + 2*f - 4. Let y = m - 5. Determine q(y).
-1
Let l = -25 - -22. Let g(f) = -f**3 - 3*f**2 + 4*f + 4. Give g(l).
-8
Let y = -20 + 13. Let b = y + 3. Let m(s) = -s**3 - 5*s**2 - 3*s - 4. Calculate m(b).
-8
Let f(n) = n**3 - n + 5. Let g(b) = -b**3 + 15*b**2 + 16*b. Let z be g(16). Determine f(z).
5
Let w(m) be the first derivative of -m**5/40 - m**4/8 + 2*m**3/3 - 1. Let f(h) be the third derivative of w(h). Let c be (0 - (3 + -4)) + -3. What is f(c)?
3
Let g(c) be the first derivative of -c**3/3 + c**2/2 - 16*c - 16. Give g(0).
-16
Let n be (-1)/4 - (-81)/4. Let a = n + 4. Suppose -3*v + 3*p + a = -0*v, 2*p = -10. Let g(q) = q**3 - 4*q**2 + 3*q + 4. Calculate g(v).
4
Let w be 6/3 - (-3 + 1). Let q(u) be the first derivative of -u**2/2 - 2*u - 3. Calculate q(w).
-6
Let u(y) = 4*y**2 + 2*y - 1. Suppose 2*c + 3*a - 6 = 0, 0*c - 2*a = c - 4. Let d be 8/(-20)*(5 - c). Let i be -2*d/(-8)*-2. Calculate u(i).
5
Let v(p) = -10*p + 44. Suppose 3*s - z - 6 = 0, 3*s + 2 = 2*z + 5. Let q(y) = -2*y + 9. Let i(h) = s*v(h) - 14*q(h). Suppose -r + 25 = 4*r. What is i(r)?
-4
Let c(b) = 7*b - 2. Let j(d) = -d**3 - 18*d**2 - 16*d + 19. Let v be j(-17). Determine c(v).
12
Let j(m) be the third derivative of -m**4/12 - 7*m**3/6 - m**2 - 7*m. Give j(-10).
13
Let r(z) be the first derivative of z**3/3 + 7*z**2/2 - 6. What is r(-6)?
-6
Let l(j) be the first derivative of 2 - 1/3*j**3 + 1/2*j**2 + 0*j. Calculate l(3).
-6
Let u(c) = c - 2. Let m be u(-5). Let k = 13 + m. Let g(n) = 10*n - 3*n - 6 + 0*n**3 - n**3 + 5*n**2. What is g(k)?
0
Let a(p) = 2*p + 4. Suppose -6*d + 2*d = 16. Let i be 2 + -2*6/d. Suppose -i = j - 0*j. What is a(j)?
-6
Let b(d) = 2*d**2 + 3*d + 3. Let v be b(-2). Suppose -v = -3*s + 7. Let y(u) be the second derivative of u**4/12 - 2*u**3/3 + u**2 + u. Give y(s).
2
Let s(t) = -2*t**2 + t + t**2 + 2*t**2. Calculate s(-1).
0
Let s(r) = r**2 + 16*r - 31. Let t be s(-18). Let z(l) = l + 2. Determine z(t).
7
Suppose 2*s - i + 14 = 0, -s - 4*i = 2*s + 10. Let n(y) = -y + 1. Calculate n(s).
7
Let c(k) = -7*k - k**2 - 2*k - 468 + 3*k + 463. What is c(-5)?
0
Let z(d) = d**3 - 3*d**2 - d + 1. Let g(j) = j**2 + 10*j - 3. Let m be g(-11). Suppose -16 = 3*p - 1. Let v = p + m. Determine z(v).
-2
Let f(a) be the first derivative of -a**3/3 - 3*a**2 + 5*a - 4. Let q(x) = 2*x**2 + 11*x - 9. Let u(t) = 5*f(t) + 3*q(t). What is u(-5)?
8
Let j(t) = -t - 1. Let w(k) = 6*k + 2. Let y(l) = -5*j(l) - w(l). Determine y(5).
-2
Let u(g) be the third derivative of -g**6/120 - 7*g**5/60 - 3*g**4/8 - 7*g**3/6 + 4*g**2. Determine u(-6).
11
Let d be 1 + 2 - -2 - -1. Suppose -s + 2*t = 7, t - 4*t + 11 = -s. Let g(v) = v**2 + 0*v + 2 - 6 - 5*v - s. Give g(d).
1
Let l(p) = 2*p + 2*p - 3*p**2 + 2*p**2 - 6 + 2. Let v(r) = r + 8. Let h be v(-6). Let f = h - -1. Determine l(f).
-1
Suppose 3*z + 4 = -11. Let o(y) be the first derivative of y**2/2 + 10*y - 2. Let v be o(z). Let k(f) = f**2 - 4*f - 3. Give k(v).
2
Let n(b) = b**2 - 7*b + 3. Let i(z) = z**2 - 7*z + 2. Let d(f) = 5*i(f) - 4*n(f). What is d(5)?
-12
Let s be 5/(-5) + 1 + 2. Let o(a) = 3*a + a**s - 2*a**2 - a**3 - 11 - 13 + 26. Suppose -3*t + 4*t = -2. Calculate o(t).
0
Let x(j) = -8*j**2 + 3*j + 2. Let k be (0 - 3)*5/(-3). Let i(g) = 7 + g**2 + 3*g - k - 8*g**2. Let 